termine l(7).
284
Let w(c) = -48*c**3 + 277*c**2 - 28*c + 91. Calculate w(5).
876
Let g(y) = -3173*y - 545704. Calculate g(-172).
52
Let y(z) = -1563*z - 10419. Give y(-7).
522
Let h(g) = 18*g**2 - 460*g - 1. Determine h(0).
-1
Let g(y) = -y**3 - 43*y**2 - 39*y + 223. Determine g(-42).
97
Let j(y) = -842*y + 83215. What is j(104)?
-4353
Let l(a) = 12*a**2 - 705*a + 9396. Determine l(14).
1878
Let p(x) = 3*x**2 - 113*x - 306. Calculate p(40).
-26
Let w(h) = -h**2 + 14642*h + 483. Determine w(0).
483
Let y(v) = 11*v**2 + 6564*v - 19701. What is y(3)?
90
Let z(n) = 2*n**3 + 5*n**2 - 51*n - 62. Determine z(-6).
-8
Let l(h) = h**3 - 13*h**2 + 2*h - 1175. Give l(16).
-375
Let r(z) = -z**2 - 219*z - 11597. Calculate r(-111).
391
Let k(b) = -b**3 + 559*b**2 - 12956*b + 2783. What is k(24)?
-1
Let p(d) = -d**3 - 6*d**2 - 560*d - 3318. What is p(-6)?
42
Let d(q) = -449*q**2 + 4538*q - 24. What is d(10)?
456
Let b(g) = -821*g - 73244. Calculate b(-90).
646
Let c(p) = -5*p**3 + 17*p**2 + 319*p - 1507. Give c(5).
-112
Let r(k) = k**3 + 128*k**2 + 135*k + 487. Calculate r(-127).
-529
Let n(i) = -2*i**2 + 3402*i - 70634. What is n(21)?
-74
Let q(z) = -7311*z - 804370. Determine q(-110).
-160
Let o(f) = -40922*f + 1555036. Give o(38).
0
Let d(j) = -302*j**2 + 4849*j - 274. Calculate d(16).
-2
Let d(c) = 2*c**2 + 61007*c + 243991. Calculate d(-4).
-5
Let d(a) = a**3 + 7*a**2 - 430*a - 547. Calculate d(-24).
-19
Let b(z) = -331053*z + 4634748. Calculate b(14).
6
Let t(m) = -m**3 + 198*m**2 - 49*m + 9638. What is t(198)?
-64
Let p(w) = 2*w**3 + 577*w**2 + 1432*w + 457. Give p(-286).
-115
Let p(v) = -2*v**3 + 7*v**2 + 33*v + 585. Give p(9).
-9
Let u(f) = -f**3 + 37*f**2 - 1923*f + 61914. Determine u(34).
0
Let q(v) = -11*v**2 + 145*v - 21. Determine q(13).
5
Let d(a) = -5*a**3 + 7*a**2 - 475*a - 477. Give d(-1).
10
Let q(l) = 21*l**3 + 41*l**2 - 174*l + 73. Determine q(4).
1377
Let i(c) = 334*c - 4818. Determine i(20).
1862
Let j(p) = 3257*p + 32755. What is j(-10)?
185
Let c(x) = -3*x**2 - 4281*x - 76091. Give c(-18).
-5
Let j(n) = 2193*n**2 + 32930*n + 522. Calculate j(-15).
-3
Let z(j) = j**3 + 63*j**2 - 726*j + 69. Calculate z(10).
109
Let q(x) = 2*x**3 - 20*x**2 - 722*x + 7698. Calculate q(11).
-2
Let v(h) = -2*h**2 + 330*h + 5361. Calculate v(-15).
-39
Let l(s) = 110*s**3 - 30*s**2 + 29*s + 2. Give l(1).
111
Let o(t) = 2*t**2 - 5238*t - 79003. Give o(-15).
17
Let y(r) = -r**3 + 12*r**2 + 2747*r - 42963. Calculate y(16).
-35
Let l(a) = 3*a**3 + 20*a**2 + 31725*a + 222138. Calculate l(-7).
14
Let w(n) = -105668*n - 211602. What is w(-2)?
-266
Let p(m) = 3*m**3 - 1023*m**2 - 6247*m + 429. Calculate p(347).
82
Let o(z) = 9816*z + 19170647. Determine o(-1953).
-1
Let h(z) = -43*z**2 - 10631*z - 10632. Determine h(-1).
-44
Let o(v) = -v**2 - 2738*v + 2042281. Determine o(610).
1
Let l(j) = -j**3 + 138*j**2 - 199*j - 10104. Determine l(136).
-176
Let p(d) = 2901*d - 440957. Give p(152).
-5
Let h(j) = 32165*j - 1511754. Determine h(47).
1
Let b(l) = 52*l**2 + 738*l - 539. Calculate b(-15).
91
Let p(z) = 349*z - 6972. Determine p(19).
-341
Let y(w) = 35551*w + 4906044. Determine y(-138).
6
Let u(t) = 17*t**2 + 1652*t - 3304. Give u(2).
68
Let x(n) = 2*n**2 - 15*n + 507. Give x(-32).
3035
Let c(u) = u**3 + 35*u**2 + 1966*u + 42940. What is c(-25)?
40
Let b(y) = -241*y - 4828. Give b(-20).
-8
Let c(r) = 782*r - 4684. Determine c(6).
8
Let z(q) = 13*q**2 - 2376*q - 333394. Give z(-93).
11
Let x(g) = 1967*g + 664705. Calculate x(-338).
-141
Let f(k) = -3*k**2 - 5*k + 204666. What is f(-262)?
44
Let t(b) = b**3 + 148*b**2 + 1522*b + 2045. Give t(-137).
-10
Let s(o) = -3914*o**2 + 46*o - 48. Determine s(1).
-3916
Let q(s) = -22980*s + 2137147. Determine q(93).
7
Let t(b) = -681*b - 3522. Determine t(2).
-4884
Let t(j) = -j**2 + 13973*j + 518341. What is t(-37)?
-29
Let u(o) = 15*o**3 - 3103*o**2 - 3076*o + 27. Give u(-1).
-15
Let g(v) = 1360*v + 326385. Give g(-240).
-15
Let y(q) = 3*q**2 - 48*q - 193. What is y(-3)?
-22
Let d(r) = -3300*r + 12326. Calculate d(4).
-874
Let a(h) = -10*h**2 + 848*h + 854. Determine a(-1).
-4
Let p(v) = 3*v**2 - 323*v - 4718. Calculate p(-13).
-12
Let a(p) = -p**3 - 15*p**2 + 366*p + 6138. Calculate a(-16).
538
Let t(w) = 25*w**3 - w**2 - 52*w + 76. Determine t(2).
168
Let h(y) = -105*y**3 - 9*y**2 + 10*y - 2. Determine h(1).
-106
Let r(u) = -5*u**2 + 1927*u - 69397. What is r(40)?
-317
Let q(f) = -1371107*f + 2742211. Give q(2).
-3
Let x(o) = 51*o - 97. What is x(1)?
-46
Let y(c) = 16339*c - 49798. Determine y(3).
-781
Let j(w) = -w**3 - 153*w**2 + 784*w - 922. What is j(-158)?
26
Let v(c) = 50*c**2 + 5890*c + 11574. Calculate v(-2).
-6
Let u(v) = -2*v**3 + 88*v**2 - 624*v - 5. Give u(24).
8059
Let c(f) = -1345*f**2 - 25552*f + 35. Calculate c(-19).
-22
Let f(z) = 38*z**2 + 1116*z + 60. What is f(-31)?
1982
Let h(y) = 3*y**3 + 122*y**2 + 67*y - 473. Calculate h(-40).
47
Let h(r) = -2*r**2 - 3549*r - 534016. What is h(-166)?
6
Let q(b) = -549237*b - 10435491. Give q(-19).
12
Let g(s) = -s**3 + 13*s**2 + 503*s - 1125. Give g(29).
6
Let q(f) = -f**3 + 988*f**2 - 4950*f + 5. Calculate q(5).
-170
Let w(p) = -2*p**3 + 30*p**2 - 366*p + 5469. What is w(15)?
-21
Let m(a) = -10*a**3 - 5260*a**2 - 91447*a - 129. Give m(-18).
-3
Let z(h) = 9637*h + 28882. Calculate z(-3).
-29
Let x(h) = 2*h**3 - 603*h**2 - 4507*h - 1316. Determine x(-7).
0
Let z(j) = -j**3 - 70*j**2 - 1125*j - 13. Calculate z(-45).
-13
Let g(c) = 758*c**2 - 8*c - 5. Give g(-1).
761
Let l(o) = -569*o + 7498. Give l(13).
101
Let n(h) = -9*h**2 - 1402*h + 633. Determine n(-156).
321
Let s(t) = -t**3 + 131*t**2 + 1157*t - 167290. What is s(130)?
20
Let i(n) = -n**3 - 24*n**2 - 6900*n - 165543. Calculate i(-24).
57
Let r(b) = 281*b - 12648. Calculate r(45).
-3
Let a(b) = -280*b**2 + 33033*b + 845. What is a(118)?
19
Let t(b) = 3*b**2 - 20572*b + 205441. Calculate t(10).
21
Let o(w) = w**3 + 134*w**2 + 679*w + 213. Determine o(-5).
43
Let r(c) = -c**2 + 2729*c - 1823640. Calculate r(1169).
0
Let u(o) = 4*o**2 - 3692*o + 22158. Determine u(6).
150
Let o(p) = -3*p**2 + 34*p + 718. Calculate o(23).
-87
Let r(k) = 3090*k - 33876. Calculate r(11).
114
Let v(y) = 2300*y + 74708. What is v(-32)?
1108
Let b(t) = 2*t**3 - 168*t**2 - 245*t + 6711. What is b(85)?
336
Let a(b) = -b**3 - 29*b**2 - 188*b - 109. Determine a(-18).
-289
Let l(x) = -8*x**3 - 553*x**2 + 478*x - 836. Give l(-70).
4
Let w(f) = -f**2 + 3417*f - 40895. Give w(12).
-35
Let b(l) = -7*l**2 + 2385*l - 114777. Determine b(58).
5
Let q(k) = k**3 + 9*k**2 - 1155*k - 5157. Determine q(32).
-133
Let k(o) = 7295*o - 204344. Give k(28).
-84
Let a(h) = h**3 + 123*h**2 - 798*h + 1138. Calculate a(4).
-22
Let u(k) = k**3 + 9*k**2 - 2633*k - 26269. Calculate u(-10).
-39
Let v(p) = 783*p + 7927. Calculate v(-13).
-2252
Let q(m) = -46*m + 136. Give q(1).
90
Let j(k) = -3*k**2 - 3498*k + 17493. What is j(5)?
-72
Let o(k) = -710*k + 8005. Give o(11).
195
Let f(g) = -22*g**3 + 4508*g**2 + 407*g + 643. Calculate f(205).
28
Let d(a) = 2*a**3 - 33*a**2 - 748*a + 12330. Determine d(17).
-97
Let b(i) = -26*i**2 - 221*i + 4450. Give b(-18).
4
Let u(y) = -157*y - 42457. Calculate u(-268).
-381
Let b(d) = -d**3 - 24*d**2 + 342*d + 7491. Determine b(-16).
-29
Let w(l) = -2*l**3 - 508*l**2 + 307*l - 51741. What is w(-255)?
24
Let r(y) = 1026*y - 4891. Give r(5).
239
Let r(c) = 19522*c + 234259. Give r(-12).
-5
Let n(t) = 2378*t**2 + 44*t + 61. Give n(-1).
2395
Let y(n) = n**3 + 170*n**2 + 355*n + 60353. Determine y(-170).
3
Let r(g) = 734*g - 27179. Calculate r(37).
-21
Let k(n) = -3*n**2 + 10579*n - 10577. What is k(1)?
-1
Let m(y) = y**2 + 147*y + 5158. What is m(-53)?
176
Let g(r) = 32*r**2 - 650*r - 1197. Determine g(22).
-9
Let y(x) = -67908*x + 68190. Determine y(1).
282
Let c(h) = -h**2 - 27*h - 761. Calculate c(0).
-761
Let z(j) = 3*j**3 + 287*j**2 + 189*j + 529. What is z(-95)?
624
Let t(v) = -68*v**2 + 987*v + 10. Calculate t(16).
-1606
Let f(j) = -j**3 - 28*j**2 + 139*j - 27. What is f(4)?
17
Let v(k) = 113*k**2 - 73*k + 4. Give v(2).
310
Let o(d) = -2*d**2 + 183*d + 60. Determine o(89).
505
Let z(y) = -148*y**3 - 1481*y**2 - 8*y + 52. Determine z(-10).
32
Let h(p) = 2879*p + 22963. Determine h(-8).
-69
Let o(k) = 3*k**2 - 277*k - 573. Determi